{"id":2508,"date":"2023-04-26T10:50:33","date_gmt":"2023-04-26T08:50:33","guid":{"rendered":"http:\/\/www.collegelafraternite.com\/sainte-ursule\/?page_id=2508"},"modified":"2023-10-20T10:23:39","modified_gmt":"2023-10-20T08:23:39","slug":"bibliotheque-22-23","status":"publish","type":"page","link":"https:\/\/www.collegelafraternite.com\/sainte-ursule\/bibliotheque-22-23\/","title":{"rendered":"Archives 2022-2023"},"content":{"rendered":"\n<h2>Les aventures de Midiri<\/h2>\n<p>Pour suivre les aventures de Midiri \u00e0 la biblioth\u00e8que avec la conteuse Ziza c&rsquo;est par<strong> <a href=\"http:\/\/www.collegelafraternite.com\/sainte-ursule\/le-voyage-de-midiri\/\">ici<\/a><\/strong><\/p>\n<h5>&nbsp;<\/h5>\n\n\n\n<h2>Les actualit\u00e9s de la Biblioth\u00e8que<\/h2>\n\n\n\n<h5>Envie de lire durant les vacances ?<\/h5>\n\n\n\n<p>D\u00e9couvre les coups de c\u0153ur des biblioth\u00e8ques bruxelloises pour les vacances : <em><div class='w3eden'><!-- WPDM Link Template: Default Template -->\n\n<div class=\"link-template-default card mb-2\">\n    <div class=\"card-body\">\n        <div class=\"media\">\n            <div class=\"mr-3 img-48\"><img class=\"wpdm_icon\" alt=\"Ic\u00f4ne\" src=\"https:\/\/www.collegelafraternite.com\/sainte-ursule\/wp-content\/plugins\/download-manager\/assets\/file-type-icons\/pdf.svg\" \/><\/div>\n            <div class=\"media-body\">\n                <h3 class=\"package-title\"><a href='https:\/\/www.collegelafraternite.com\/sainte-ursule\/download\/lecture\/'>Lecture<\/a><\/h3>\n                <div class=\"text-muted text-small\"><i class=\"fas fa-copy\"><\/i> 1 fichier\u00b7s <i class=\"fas fa-hdd ml-3\"><\/i> 8.83 MB<\/div>\n            <\/div>\n            <div class=\"ml-3\">\n                <a class='wpdm-download-link download-on-click btn btn-primary ' rel='nofollow' href='#' data-downloadurl=\"https:\/\/www.collegelafraternite.com\/sainte-ursule\/download\/lecture\/?wpdmdl=2642&refresh=69e8fbdeb79c51776876510\">T\u00e9l\u00e9charger<\/a>\n            <\/div>\n        <\/div>\n    <\/div>\n<\/div>\n\n<\/div><\/em><\/p>\n\n\n\n<h5>Les \u00e9l\u00e8ves de 6TQ partagent leur lecture avec les \u00e9l\u00e8ves de 4G<\/h5>\n\n\n\n<figure class=\"wp-block-image size-large is-resized\"><img loading=\"lazy\" src=\"https:\/\/www.collegelafraternite.com\/sainte-ursule\/wp-content\/uploads\/2023\/06\/Unknown-1-1024x1024.jpeg\" alt=\"\" class=\"wp-image-2633\" width=\"450\" height=\"450\" srcset=\"https:\/\/www.collegelafraternite.com\/sainte-ursule\/wp-content\/uploads\/2023\/06\/Unknown-1-1024x1024.jpeg 1024w, https:\/\/www.collegelafraternite.com\/sainte-ursule\/wp-content\/uploads\/2023\/06\/Unknown-1-300x300.jpeg 300w, https:\/\/www.collegelafraternite.com\/sainte-ursule\/wp-content\/uploads\/2023\/06\/Unknown-1-150x150.jpeg 150w, https:\/\/www.collegelafraternite.com\/sainte-ursule\/wp-content\/uploads\/2023\/06\/Unknown-1-768x768.jpeg 768w, https:\/\/www.collegelafraternite.com\/sainte-ursule\/wp-content\/uploads\/2023\/06\/Unknown-1-1536x1536.jpeg 1536w, https:\/\/www.collegelafraternite.com\/sainte-ursule\/wp-content\/uploads\/2023\/06\/Unknown-1.jpeg 2048w, https:\/\/www.collegelafraternite.com\/sainte-ursule\/wp-content\/uploads\/2023\/06\/Unknown-1-60x60.jpeg 60w\" sizes=\"(max-width: 450px) 100vw, 450px\" \/><\/figure>\n\n\n\n<h5>Festival du court-m\u00e9trage<\/h5>\n\n\n\n<figure class=\"wp-block-image size-large is-resized\"><img loading=\"lazy\" src=\"http:\/\/www.collegelafraternite.com\/sainte-ursule\/wp-content\/uploads\/2023\/04\/InCollage_20230425_155842253-1024x1024.jpeg\" alt=\"\" class=\"wp-image-2542\" width=\"447\" height=\"447\" srcset=\"https:\/\/www.collegelafraternite.com\/sainte-ursule\/wp-content\/uploads\/2023\/04\/InCollage_20230425_155842253-1024x1024.jpeg 1024w, https:\/\/www.collegelafraternite.com\/sainte-ursule\/wp-content\/uploads\/2023\/04\/InCollage_20230425_155842253-300x300.jpeg 300w, https:\/\/www.collegelafraternite.com\/sainte-ursule\/wp-content\/uploads\/2023\/04\/InCollage_20230425_155842253-150x150.jpeg 150w, https:\/\/www.collegelafraternite.com\/sainte-ursule\/wp-content\/uploads\/2023\/04\/InCollage_20230425_155842253-768x768.jpeg 768w, https:\/\/www.collegelafraternite.com\/sainte-ursule\/wp-content\/uploads\/2023\/04\/InCollage_20230425_155842253-1536x1536.jpeg 1536w, https:\/\/www.collegelafraternite.com\/sainte-ursule\/wp-content\/uploads\/2023\/04\/InCollage_20230425_155842253.jpeg 2048w, https:\/\/www.collegelafraternite.com\/sainte-ursule\/wp-content\/uploads\/2023\/04\/InCollage_20230425_155842253-60x60.jpeg 60w\" sizes=\"(max-width: 447px) 100vw, 447px\" \/><figcaption>Les \u00e9l\u00e8ves de 2<sup>e<\/sup> ont particip\u00e9 au 26<sup>e<\/sup> \u00ab\u00a0<a href=\"https:\/\/bsff.be\/programme\/edition-2023\/\" data-type=\"URL\" data-id=\"https:\/\/bsff.be\/programme\/edition-2023\/\">Brussels short film festival<\/a>\u00ab\u00a0<\/figcaption><\/figure>\n\n\n\n<hr class=\"wp-block-separator\"\/>\n\n\n\n<h5>Rencontre avec Caroline Lamarche<\/h5>\n\n\n\n<figure class=\"wp-block-image size-large is-resized\"><img loading=\"lazy\" src=\"http:\/\/www.collegelafraternite.com\/sainte-ursule\/wp-content\/uploads\/2023\/04\/InCollage_20230425_151748407-1-1024x1024.jpeg\" alt=\"\" class=\"wp-image-2533\" width=\"433\" height=\"433\" srcset=\"https:\/\/www.collegelafraternite.com\/sainte-ursule\/wp-content\/uploads\/2023\/04\/InCollage_20230425_151748407-1-1024x1024.jpeg 1024w, https:\/\/www.collegelafraternite.com\/sainte-ursule\/wp-content\/uploads\/2023\/04\/InCollage_20230425_151748407-1-300x300.jpeg 300w, https:\/\/www.collegelafraternite.com\/sainte-ursule\/wp-content\/uploads\/2023\/04\/InCollage_20230425_151748407-1-150x150.jpeg 150w, https:\/\/www.collegelafraternite.com\/sainte-ursule\/wp-content\/uploads\/2023\/04\/InCollage_20230425_151748407-1-768x768.jpeg 768w, https:\/\/www.collegelafraternite.com\/sainte-ursule\/wp-content\/uploads\/2023\/04\/InCollage_20230425_151748407-1-1536x1536.jpeg 1536w, https:\/\/www.collegelafraternite.com\/sainte-ursule\/wp-content\/uploads\/2023\/04\/InCollage_20230425_151748407-1-2048x2048.jpeg 2048w, https:\/\/www.collegelafraternite.com\/sainte-ursule\/wp-content\/uploads\/2023\/04\/InCollage_20230425_151748407-1-60x60.jpeg 60w\" sizes=\"(max-width: 433px) 100vw, 433px\" \/><figcaption>Les \u00e9l\u00e8ves de 1<sup>re <\/sup>commune rencontre Caroline Lamarche l&rsquo;autrice de M<em>ille arbres<\/em><\/figcaption><\/figure>\n\n\n\n<hr class=\"wp-block-separator\"\/>\n\n\n\n<h5><strong>Prix Victor<\/strong><\/h5>\n\n\n\n<figure class=\"wp-block-image size-large is-resized\"><img loading=\"lazy\" src=\"http:\/\/www.collegelafraternite.com\/sainte-ursule\/wp-content\/uploads\/2023\/04\/InCollage_20230425_150050328-1024x1024.jpeg\" alt=\"\" class=\"wp-image-2521\" width=\"456\" height=\"456\" srcset=\"https:\/\/www.collegelafraternite.com\/sainte-ursule\/wp-content\/uploads\/2023\/04\/InCollage_20230425_150050328-1024x1024.jpeg 1024w, https:\/\/www.collegelafraternite.com\/sainte-ursule\/wp-content\/uploads\/2023\/04\/InCollage_20230425_150050328-300x300.jpeg 300w, https:\/\/www.collegelafraternite.com\/sainte-ursule\/wp-content\/uploads\/2023\/04\/InCollage_20230425_150050328-150x150.jpeg 150w, https:\/\/www.collegelafraternite.com\/sainte-ursule\/wp-content\/uploads\/2023\/04\/InCollage_20230425_150050328-768x768.jpeg 768w, https:\/\/www.collegelafraternite.com\/sainte-ursule\/wp-content\/uploads\/2023\/04\/InCollage_20230425_150050328-1536x1536.jpeg 1536w, https:\/\/www.collegelafraternite.com\/sainte-ursule\/wp-content\/uploads\/2023\/04\/InCollage_20230425_150050328.jpeg 2048w, https:\/\/www.collegelafraternite.com\/sainte-ursule\/wp-content\/uploads\/2023\/04\/InCollage_20230425_150050328-60x60.jpeg 60w\" sizes=\"(max-width: 456px) 100vw, 456px\" \/><figcaption><br><strong>Quelques t\u00e9moignages d&rsquo;\u00e9l\u00e8ves de 1C<\/strong><br>&nbsp;<br>\u201cNous avons eu la chance de rencontrer une autrice dans le cadre de ce projet et cl\u00f4turer cette exp\u00e9rience de la meilleure des fa\u00e7ons \u201c<br><br>\u201cDe base, j\u2019aime pas quand on m\u2019impose une lecture mais j\u2019ai pu d\u00e9couvrir des bons livres comme vingt-cinq moins un. C\u2019\u00e9tait bien mais parfois les prix \u00e9taient chers et c\u2019\u00e9tait difficile de les acheter ou \u00e0 trouver. J\u2019ai aim\u00e9 vingt cinq moins un mais les autres \u00e9taient aussi bien, j\u2019ai aim\u00e9 le fait que \u00e7a nous fasse d\u00e9couvrir des livres.\u201d<br>&nbsp;<br>\u201cDes livres que je n\u2019aurais pas lu si on me l\u2019avait pas dit et c\u2019\u00e9tait chouette de voter.\u201d<br>&nbsp;<br>\u201cLa lecture m\u2019a apport\u00e9 du vocabulaire que je connaissais pas et c\u2019\u00e9tait une bonne exp\u00e9rience, j\u2019ai appr\u00e9ci\u00e9 de lire quelques livres et voir au final lequel sera le meilleur.\u201d<br>&nbsp;<br>\u00ab\u00a0C\u2019est bien car je trouve \u00e7a chouette de faire un concours. Le prix Victor m\u2019a fait aimer les livres et j\u2019ai d\u00e9couvert de tr\u00e8s bons livres.\u00a0\u00bb<\/figcaption><\/figure>\n\n\n\n<hr class=\"wp-block-separator\"\/>\n\n\n\n<h5>Atelier th\u00e9\u00e2tre au centre de litt\u00e9rature jeune (le Wolf)<\/h5>\n\n\n\n<figure class=\"wp-block-image size-large is-resized\"><img loading=\"lazy\" src=\"http:\/\/www.collegelafraternite.com\/sainte-ursule\/wp-content\/uploads\/2023\/04\/thumbnail_InCollage_20230330_151854612-2-1024x1024.jpeg\" alt=\"\" class=\"wp-image-2512\" width=\"454\" height=\"454\" srcset=\"https:\/\/www.collegelafraternite.com\/sainte-ursule\/wp-content\/uploads\/2023\/04\/thumbnail_InCollage_20230330_151854612-2-1024x1024.jpeg 1024w, https:\/\/www.collegelafraternite.com\/sainte-ursule\/wp-content\/uploads\/2023\/04\/thumbnail_InCollage_20230330_151854612-2-300x300.jpeg 300w, https:\/\/www.collegelafraternite.com\/sainte-ursule\/wp-content\/uploads\/2023\/04\/thumbnail_InCollage_20230330_151854612-2-150x150.jpeg 150w, https:\/\/www.collegelafraternite.com\/sainte-ursule\/wp-content\/uploads\/2023\/04\/thumbnail_InCollage_20230330_151854612-2-768x768.jpeg 768w, https:\/\/www.collegelafraternite.com\/sainte-ursule\/wp-content\/uploads\/2023\/04\/thumbnail_InCollage_20230330_151854612-2-60x60.jpeg 60w, https:\/\/www.collegelafraternite.com\/sainte-ursule\/wp-content\/uploads\/2023\/04\/thumbnail_InCollage_20230330_151854612-2.jpeg 1280w\" sizes=\"(max-width: 454px) 100vw, 454px\" \/><figcaption>Les Dda &#8211; 30 mars 2023<\/figcaption><\/figure>\n\n\n\n<hr class=\"wp-block-separator\"\/>\n\n\n\n<h5><strong>La petite fureur de lire 2023<\/strong><\/h5>\n\n\n\n<figure class=\"wp-block-image size-large\"><img loading=\"lazy\" width=\"626\" height=\"309\" src=\"http:\/\/www.collegelafraternite.com\/sainte-ursule\/wp-content\/uploads\/2023\/04\/Capture-de\u0301cran-2023-04-26-a\u0300-10.46.51.png\" alt=\"\" class=\"wp-image-2513\" srcset=\"https:\/\/www.collegelafraternite.com\/sainte-ursule\/wp-content\/uploads\/2023\/04\/Capture-de\u0301cran-2023-04-26-a\u0300-10.46.51.png 626w, https:\/\/www.collegelafraternite.com\/sainte-ursule\/wp-content\/uploads\/2023\/04\/Capture-de\u0301cran-2023-04-26-a\u0300-10.46.51-300x148.png 300w\" sizes=\"(max-width: 626px) 100vw, 626px\" \/><figcaption>Les Dda participent au concours \u00ab\u00a0<a href=\"http:\/\/www.fureurdelire.cfwb.be\/index.php?id=15912\">La petite fureur de lire<\/a>\u00ab\u00a0<\/figcaption><\/figure>\n\n\n\n<hr class=\"wp-block-separator\"\/>\n\n\n\n<h5>&nbsp;<strong>Prix Farniente 2023<\/strong><\/h5>\n\n\n\n<figure class=\"wp-block-image size-large is-resized\"><img loading=\"lazy\" src=\"http:\/\/www.collegelafraternite.com\/sainte-ursule\/wp-content\/uploads\/2023\/04\/InCollage_20221205_161752428-1-1024x1024.jpeg\" alt=\"\" class=\"wp-image-2514\" width=\"283\" height=\"283\" srcset=\"https:\/\/www.collegelafraternite.com\/sainte-ursule\/wp-content\/uploads\/2023\/04\/InCollage_20221205_161752428-1-1024x1024.jpeg 1024w, https:\/\/www.collegelafraternite.com\/sainte-ursule\/wp-content\/uploads\/2023\/04\/InCollage_20221205_161752428-1-300x300.jpeg 300w, https:\/\/www.collegelafraternite.com\/sainte-ursule\/wp-content\/uploads\/2023\/04\/InCollage_20221205_161752428-1-150x150.jpeg 150w, https:\/\/www.collegelafraternite.com\/sainte-ursule\/wp-content\/uploads\/2023\/04\/InCollage_20221205_161752428-1-768x768.jpeg 768w, https:\/\/www.collegelafraternite.com\/sainte-ursule\/wp-content\/uploads\/2023\/04\/InCollage_20221205_161752428-1-1536x1536.jpeg 1536w, https:\/\/www.collegelafraternite.com\/sainte-ursule\/wp-content\/uploads\/2023\/04\/InCollage_20221205_161752428-1-60x60.jpeg 60w, https:\/\/www.collegelafraternite.com\/sainte-ursule\/wp-content\/uploads\/2023\/04\/InCollage_20221205_161752428-1.jpeg 1660w\" sizes=\"(max-width: 283px) 100vw, 283px\" \/><figcaption>2 \u00e9quipes participent<\/figcaption><\/figure>\n","protected":false},"excerpt":{"rendered":"<p>Les aventures de Midiri Pour suivre les aventures de Midiri \u00e0 la biblioth\u00e8que avec la conteuse Ziza c&rsquo;est par ici &nbsp; Les actualit\u00e9s de la Biblioth\u00e8que Envie de lire durant les vacances ? D\u00e9couvre les coups de c\u0153ur des biblioth\u00e8ques bruxelloises pour les vacances : Les \u00e9l\u00e8ves de 6TQ partagent leur lecture avec les \u00e9l\u00e8ves [&hellip;]<\/p>\n","protected":false},"author":1,"featured_media":0,"parent":0,"menu_order":0,"comment_status":"closed","ping_status":"closed","template":"page-fullwidth.php","meta":{"ngg_post_thumbnail":0},"_links":{"self":[{"href":"https:\/\/www.collegelafraternite.com\/sainte-ursule\/wp-json\/wp\/v2\/pages\/2508"}],"collection":[{"href":"https:\/\/www.collegelafraternite.com\/sainte-ursule\/wp-json\/wp\/v2\/pages"}],"about":[{"href":"https:\/\/www.collegelafraternite.com\/sainte-ursule\/wp-json\/wp\/v2\/types\/page"}],"author":[{"embeddable":true,"href":"https:\/\/www.collegelafraternite.com\/sainte-ursule\/wp-json\/wp\/v2\/users\/1"}],"replies":[{"embeddable":true,"href":"https:\/\/www.collegelafraternite.com\/sainte-ursule\/wp-json\/wp\/v2\/comments?post=2508"}],"version-history":[{"count":17,"href":"https:\/\/www.collegelafraternite.com\/sainte-ursule\/wp-json\/wp\/v2\/pages\/2508\/revisions"}],"predecessor-version":[{"id":2747,"href":"https:\/\/www.collegelafraternite.com\/sainte-ursule\/wp-json\/wp\/v2\/pages\/2508\/revisions\/2747"}],"wp:attachment":[{"href":"https:\/\/www.collegelafraternite.com\/sainte-ursule\/wp-json\/wp\/v2\/media?parent=2508"}],"curies":[{"name":"wp","href":"https:\/\/api.w.org\/{rel}","templated":true}]}}