{"id":50,"date":"2018-01-26T12:28:04","date_gmt":"2018-01-26T11:28:04","guid":{"rendered":"http:\/\/www.onmangecamp.be\/frat\/?page_id=50"},"modified":"2020-03-24T15:26:10","modified_gmt":"2020-03-24T14:26:10","slug":"centre-psycho-medico-social","status":"publish","type":"page","link":"http:\/\/www.collegelafraternite.com\/sainte-ursule\/service-aux-jeunes\/centre-psycho-medico-social\/","title":{"rendered":"Centre Psycho-M\u00e9dico-Social"},"content":{"rendered":"\n<figure class=\"wp-block-image is-resized\"><img loading=\"lazy\" src=\"http:\/\/www.collegelafraternite.com\/sainte-ursule\/wp-content\/uploads\/2020\/03\/PMS-2.png\" alt=\"\" class=\"wp-image-1546\" width=\"177\" height=\"83\"\/><\/figure>\n\n\n<p style=\"font-weight: 400;\">Le Centre Psycho-M\u00e9dico-Social accueille gratuitement et confidentiellement les \u00e9l\u00e8ves et leurs parents. Il leur assure \u00e9coute, accompagnement, soutien&nbsp;et orientation dans leurs questions sur les \u00e9tudes, l&rsquo;orientation professionnelle, les difficult\u00e9s personnelles, familiales, relationnelles et scolaires&#8230;<\/p>\n<p style=\"font-weight: 400;\">Le centre PMS est situ\u00e9 rue de Dinant, 39 \u00e0 1000 Bruxelles, tel: 02\/511 13 47.<\/p>\n<p style=\"font-weight: 400;\">Des permanences hebdomadaires ont lieu&nbsp;\u00e0 l&rsquo;\u00e9cole.<\/p>\n\n\n<figure class=\"wp-block-image is-resized\"><img loading=\"lazy\" src=\"http:\/\/www.collegelafraternite.com\/sainte-ursule\/wp-content\/uploads\/2020\/03\/PMS-1-1.png\" alt=\"\" class=\"wp-image-1547\" width=\"261\" height=\"173\" srcset=\"http:\/\/www.collegelafraternite.com\/sainte-ursule\/wp-content\/uploads\/2020\/03\/PMS-1-1.png 470w, http:\/\/www.collegelafraternite.com\/sainte-ursule\/wp-content\/uploads\/2020\/03\/PMS-1-1-300x199.png 300w\" sizes=\"(max-width: 261px) 100vw, 261px\" \/><\/figure>\n\n\n\n<p><strong>Gardons le lien\u2026<\/strong><\/p>\n\n\n\n<p>Chers\nParents, chers El\u00e8ves<\/p>\n\n\n\n<p>En\nces temps de confinement, nous devons modifier nos habitudes.<\/p>\n\n\n\n<p>Nous\nsouhaitons malgr\u00e9 tout continuer \u00e0 \u00eatre l\u00e0 pour vous, autrement.<\/p>\n\n\n\n<p>C\u2019est\npourquoi, pour nous prot\u00e9ger mutuellement, nous t\u00e9l\u00e9travaillons actuellement depuis\nnotre domicile.<\/p>\n\n\n\n<p>Vous\npouvez nous contacter par mail et, si n\u00e9cessaire, nous pourrons par la suite\navoir un contact t\u00e9l\u00e9phonique avec vous&nbsp;; ceci selon nos horaires de\ntravail habituels.<\/p>\n\n\n\n<p>Prenez\nsoin de vous, prenons soin de nous et des autres\u2026<\/p>\n\n\n\n<p>L\u2019\u00e9quipe PMS\u00a0: <\/p>\n\n\n\n<p>Dina Nadi, assistante sociale et Nathalie Ronsse, psychologue<\/p>\n\n\n\n<p><\/p>\n\n\n\n<p><strong>Nos coordonn\u00e9es de contact\u00a0:<\/strong><\/p>\n\n\n\n<p><a href=\"mailto:dnadi.bxln@gmail.com\">dnadi.bxln@gmail.com<\/a><\/p>\n\n\n\n<p><a href=\"mailto:nronsse.bxln@gmail.com\">nronsse.bxln@gmail.com<\/a> <\/p>\n","protected":false},"excerpt":{"rendered":"<p>Le Centre Psycho-M\u00e9dico-Social accueille gratuitement et confidentiellement les \u00e9l\u00e8ves et leurs parents. Il leur assure \u00e9coute, accompagnement, soutien&nbsp;et orientation dans leurs questions sur les \u00e9tudes, l&rsquo;orientation professionnelle, les difficult\u00e9s personnelles, familiales, relationnelles et scolaires&#8230; Le centre PMS est situ\u00e9 rue de Dinant, 39 \u00e0 1000 Bruxelles, tel: 02\/511 13 47. Des permanences hebdomadaires ont lieu&nbsp;\u00e0 [&hellip;]<\/p>\n","protected":false},"author":1,"featured_media":0,"parent":48,"menu_order":0,"comment_status":"closed","ping_status":"closed","template":"page-fullwidth.php","meta":{"ngg_post_thumbnail":0},"_links":{"self":[{"href":"http:\/\/www.collegelafraternite.com\/sainte-ursule\/wp-json\/wp\/v2\/pages\/50"}],"collection":[{"href":"http:\/\/www.collegelafraternite.com\/sainte-ursule\/wp-json\/wp\/v2\/pages"}],"about":[{"href":"http:\/\/www.collegelafraternite.com\/sainte-ursule\/wp-json\/wp\/v2\/types\/page"}],"author":[{"embeddable":true,"href":"http:\/\/www.collegelafraternite.com\/sainte-ursule\/wp-json\/wp\/v2\/users\/1"}],"replies":[{"embeddable":true,"href":"http:\/\/www.collegelafraternite.com\/sainte-ursule\/wp-json\/wp\/v2\/comments?post=50"}],"version-history":[{"count":4,"href":"http:\/\/www.collegelafraternite.com\/sainte-ursule\/wp-json\/wp\/v2\/pages\/50\/revisions"}],"predecessor-version":[{"id":1552,"href":"http:\/\/www.collegelafraternite.com\/sainte-ursule\/wp-json\/wp\/v2\/pages\/50\/revisions\/1552"}],"up":[{"embeddable":true,"href":"http:\/\/www.collegelafraternite.com\/sainte-ursule\/wp-json\/wp\/v2\/pages\/48"}],"wp:attachment":[{"href":"http:\/\/www.collegelafraternite.com\/sainte-ursule\/wp-json\/wp\/v2\/media?parent=50"}],"curies":[{"name":"wp","href":"https:\/\/api.w.org\/{rel}","templated":true}]}}