{"id":26,"date":"2018-01-26T08:08:19","date_gmt":"2018-01-26T07:08:19","guid":{"rendered":"http:\/\/www.onmangecamp.be\/frat\/?page_id=26"},"modified":"2025-02-11T09:26:34","modified_gmt":"2025-02-11T08:26:34","slug":"enseignement","status":"publish","type":"page","link":"http:\/\/www.collegelafraternite.com\/sainte-ursule\/ecole\/enseignement\/","title":{"rendered":"Enseignement"},"content":{"rendered":"<p>&nbsp;<\/p>\n<h1><a href=\"http:\/\/www.collegelafraternite.com\/sainte-ursule\/ecole\/enseignement\/premier-degre-commun-supplementaire-differencie\/\">1<sup>er<\/sup> degr\u00e9<\/a><\/h1>\n<table  class=\" table table-hover\" style=\"height: 127px; width: 748px;\">\n<tbody>\n<tr style=\"height: 69.875px;\">\n<td style=\"width: 738px; height: 69.875px;\">&nbsp;&nbsp;&nbsp;&nbsp;&nbsp;<\/p>\n<p><a href=\"http:\/\/www.collegelafraternite.com\/sainte-ursule\/92-2\/\">1<sup>re<\/sup> et 2<sup>e<\/sup> Communes<\/a><\/p>\n<p><a href=\"http:\/\/www.collegelafraternite.com\/sainte-ursule\/102-2\/\">2<sup>e<\/sup> Suppl\u00e9mentaire<\/a><\/p>\n<p>&nbsp;<\/td>\n<\/tr>\n<\/tbody>\n<\/table>\n<h1>2<sup>e<\/sup> degr\u00e9<\/h1>\n<table  class=\" table table-hover\" style=\"width: 785px; height: 300px;\">\n<tbody>\n<tr style=\"height: 32px;\">\n<td style=\"width: 237px; height: 32px;\"><a href=\"http:\/\/www.collegelafraternite.com\/sainte-ursule\/deuxieme-degre\/\"><strong>G\u00e9n\u00e9ral de transition<\/strong><\/a><\/td>\n<td style=\"width: 261px; height: 32px;\"><strong>Technique de qualification<\/strong><\/td>\n<td style=\"width: 277px; height: 32px;\"><strong>Professionnel de qualification<\/strong><\/td>\n<\/tr>\n<tr style=\"height: 268px;\">\n<td style=\"width: 237px; height: 268px;\">Sciences (3h ou 5h)&nbsp;&nbsp;&nbsp;&nbsp;<\/p>\n<p>Sciences sociales (4)<\/p>\n<p>N\u00e9erlandais (4h)<\/p>\n<p>Anglais (4h)<\/p>\n<p style=\"text-align: left;\">&nbsp;<\/p>\n<\/td>\n<td style=\"width: 261px; height: 268px;\"><a href=\"http:\/\/www.collegelafraternite.com\/sainte-ursule\/2e-degre-techniques-sociales-et-danimation\/\">Animateur\u00b7trice<\/a>&nbsp;&nbsp;<\/p>\n<p>&nbsp;<\/p>\n<p><a href=\"https:\/\/www.collegelafraternite.com\/sainte-ursule\/2e-degre-secretariat-tourisme\/\">Technicien.ne commercial.e<\/a><\/p>\n<p>&nbsp;<\/p>\n<p><a href=\"https:\/\/www.collegelafraternite.com\/sainte-ursule\/2e-degre-technicien%c2%b7ne-de-bureau\/\">Technicien.ne de bureau<\/a><\/td>\n<td style=\"width: 277px; height: 268px;\"><a href=\"https:\/\/www.collegelafraternite.com\/sainte-ursule\/deuxieme-degre-professionnel\/\">Collaborateur\u00b7trice administratif\u00b7ve<\/a><\/td>\n<\/tr>\n<\/tbody>\n<\/table>\n<h1>3<sup>e<\/sup> degr\u00e9<strong>&nbsp; &nbsp; &nbsp;<\/strong><\/h1>\n<table  class=\" table table-hover\" style=\"width: 783px;\">\n<tbody>\n<tr>\n<td style=\"width: 235px;\"><a href=\"http:\/\/www.collegelafraternite.com\/sainte-ursule\/troisieme-degre-general\/\"><strong>G\u00e9n\u00e9ral de transition<\/strong><\/a><\/td>\n<td style=\"width: 255px;\"><strong>Technique de qualification<\/strong><\/td>\n<td style=\"width: 277px;\"><strong>Professionnel de qualification<\/strong><\/td>\n<\/tr>\n<tr>\n<td style=\"width: 235px;\">Sciences (3h ou 6h)Math\u00e9matique (4h ou 6h)&nbsp;&nbsp;&nbsp;<\/p>\n<p>Sciences sociales (4)<\/p>\n<p>N\u00e9erlandais (4h)<\/p>\n<p>Anglais (4h)<\/p>\n<p>&nbsp;<\/p>\n<p>&nbsp;<\/td>\n<td style=\"width: 255px;\"><a href=\"http:\/\/www.collegelafraternite.com\/sainte-ursule\/3e-degre-animateur-animatrice\/\">Animateur.trice<\/a>&nbsp;&nbsp;&nbsp;&nbsp;<\/p>\n<p><a href=\"http:\/\/www.collegelafraternite.com\/sainte-ursule\/3e-degre-technicien-ne-commercial-e\/\">Technicien.ne commercial.e<\/a><\/p>\n<p>&nbsp;<\/p>\n<p><a href=\"http:\/\/www.collegelafraternite.com\/sainte-ursule\/3e-degre-technicien-ne-de-bureau\/\">Technicien.ne de bureau<\/a><\/td>\n<td style=\"width: 277px;\"><a href=\"http:\/\/www.collegelafraternite.com\/sainte-ursule\/troisieme-degre-professionnel\/\">Collaborateur\u00b7trice administratif\u00b7ve<\/a><\/td>\n<\/tr>\n<\/tbody>\n<\/table>\n<p style=\"text-align: left;\"><strong>&nbsp; &nbsp; &nbsp; &nbsp; <a href=\"http:\/\/www.collegelafraternite.com\/sainte-ursule\/7e-professionnel\/\">7<sup>e<\/sup> Professionnelle<\/a><\/strong><\/p>\n<table  class=\" table table-hover\" style=\"width: 774px; height: 168px;\">\n<tbody>\n<tr style=\"height: 105.625px;\">\n<td style=\"width: 772px; height: 105.625px;\"><a href=\"https:\/\/www.collegelafraternite.com\/sainte-ursule\/7e-professionnelle\/\">Gestion de tr\u00e8s petites entreprises<\/a><\/td>\n<\/tr>\n<\/tbody>\n<\/table>\n","protected":false},"excerpt":{"rendered":"<p>&nbsp; 1er degr\u00e9 &nbsp;&nbsp;&nbsp;&nbsp;&nbsp; 1re et 2e Communes 2e Suppl\u00e9mentaire &nbsp; 2e degr\u00e9 G\u00e9n\u00e9ral de transition Technique de qualification Professionnel de qualification Sciences (3h ou 5h)&nbsp;&nbsp;&nbsp;&nbsp; Sciences sociales (4) N\u00e9erlandais (4h) Anglais (4h) &nbsp; Animateur\u00b7trice&nbsp;&nbsp; &nbsp; Technicien.ne commercial.e &nbsp; Technicien.ne de bureau Collaborateur\u00b7trice administratif\u00b7ve 3e degr\u00e9&nbsp; &nbsp; &nbsp; G\u00e9n\u00e9ral de transition Technique de qualification Professionnel [&hellip;]<\/p>\n","protected":false},"author":1,"featured_media":0,"parent":22,"menu_order":0,"comment_status":"closed","ping_status":"closed","template":"page-fullwidth.php","meta":{"ngg_post_thumbnail":0},"_links":{"self":[{"href":"http:\/\/www.collegelafraternite.com\/sainte-ursule\/wp-json\/wp\/v2\/pages\/26"}],"collection":[{"href":"http:\/\/www.collegelafraternite.com\/sainte-ursule\/wp-json\/wp\/v2\/pages"}],"about":[{"href":"http:\/\/www.collegelafraternite.com\/sainte-ursule\/wp-json\/wp\/v2\/types\/page"}],"author":[{"embeddable":true,"href":"http:\/\/www.collegelafraternite.com\/sainte-ursule\/wp-json\/wp\/v2\/users\/1"}],"replies":[{"embeddable":true,"href":"http:\/\/www.collegelafraternite.com\/sainte-ursule\/wp-json\/wp\/v2\/comments?post=26"}],"version-history":[{"count":4,"href":"http:\/\/www.collegelafraternite.com\/sainte-ursule\/wp-json\/wp\/v2\/pages\/26\/revisions"}],"predecessor-version":[{"id":3062,"href":"http:\/\/www.collegelafraternite.com\/sainte-ursule\/wp-json\/wp\/v2\/pages\/26\/revisions\/3062"}],"up":[{"embeddable":true,"href":"http:\/\/www.collegelafraternite.com\/sainte-ursule\/wp-json\/wp\/v2\/pages\/22"}],"wp:attachment":[{"href":"http:\/\/www.collegelafraternite.com\/sainte-ursule\/wp-json\/wp\/v2\/media?parent=26"}],"curies":[{"name":"wp","href":"https:\/\/api.w.org\/{rel}","templated":true}]}}