{"id":237,"date":"2018-02-25T11:53:11","date_gmt":"2018-02-25T10:53:11","guid":{"rendered":"http:\/\/www.onmangecamp.be\/frat\/?page_id=237"},"modified":"2026-01-16T12:26:42","modified_gmt":"2026-01-16T11:26:42","slug":"inscription-pour-le-1er-degre","status":"publish","type":"page","link":"http:\/\/www.collegelafraternite.com\/sainte-ursule\/inscriptions\/inscription-pour-le-1er-degre\/","title":{"rendered":"Inscription pour le 1er degr\u00e9"},"content":{"rendered":"<h1>Proc\u00e9dure pour inscrire votre enfant au Coll\u00e8ge<\/h1>\n<p><span style=\"color: #000000;\">La p\u00e9riode d&rsquo;inscription en 1<sup>re<\/sup> secondaire (1<sup>re<\/sup> S) : <span style=\"color: #ff0000;\"><strong>du lundi 2 f\u00e9vrier 2026 au vendredi 6 mars 2026<\/strong><\/span><\/span><\/p>\n<ol>\n<li><span style=\"color: #000000;\">Contactez Madame EL FAHSSI, secr\u00e9taire des \u00e9l\u00e8ves au num\u00e9ro suivant : <strong>02 426 71 14<\/strong> afin de prendre un rendez-vous. &nbsp;<\/span><\/li>\n<li><span style=\"color: #000000;\">N&rsquo;oubliez pas d&rsquo;apporter au rendez-vous :<\/span><\/li>\n<\/ol>\n<ul>\n<li style=\"list-style-type: none;\">\n<ul>\n<li><span style=\"color: #000000;\">la carte d&rsquo;identit\u00e9 de votre enfant<\/span><\/li>\n<li><span style=\"color: #000000;\">votre carte d&rsquo;identit\u00e9<\/span><\/li>\n<li><span style=\"color: #000000;\">le Formulaire Unique d&rsquo;Inscription (FUI) d\u00fbment compl\u00e9t\u00e9. Vous pouvez obtenir ce document \u00e0 l&rsquo;\u00e9cole primaire de votre enfant<\/span><\/li>\n<\/ul>\n<\/li>\n<\/ul>\n<table  class=\"contenttable contenttable-0 table table-hover\" >\n<tbody>\n<tr class=\"tr-even tr-0\">\n<td class=\"td-0\"><span style=\"color: #000000;\">Toutes les informations officielles<\/span><a href=\"https:\/\/inscription.cfwb.be\/\" target=\"_blank\" rel=\"noopener\"> ici&nbsp;<\/a><\/td>\n<\/tr>\n<\/tbody>\n<\/table>\n<p>&nbsp;<\/p>\n","protected":false},"excerpt":{"rendered":"<p>Proc\u00e9dure pour inscrire votre enfant au Coll\u00e8ge La p\u00e9riode d&rsquo;inscription en 1re secondaire (1re S) : du lundi 2 f\u00e9vrier 2026 au vendredi 6 mars 2026 Contactez Madame EL FAHSSI, secr\u00e9taire des \u00e9l\u00e8ves au num\u00e9ro suivant : 02 426 71 14 afin de prendre un rendez-vous. &nbsp; N&rsquo;oubliez pas d&rsquo;apporter au rendez-vous : la carte [&hellip;]<\/p>\n","protected":false},"author":1,"featured_media":0,"parent":171,"menu_order":0,"comment_status":"closed","ping_status":"closed","template":"page-fullwidth.php","meta":{"ngg_post_thumbnail":0},"_links":{"self":[{"href":"http:\/\/www.collegelafraternite.com\/sainte-ursule\/wp-json\/wp\/v2\/pages\/237"}],"collection":[{"href":"http:\/\/www.collegelafraternite.com\/sainte-ursule\/wp-json\/wp\/v2\/pages"}],"about":[{"href":"http:\/\/www.collegelafraternite.com\/sainte-ursule\/wp-json\/wp\/v2\/types\/page"}],"author":[{"embeddable":true,"href":"http:\/\/www.collegelafraternite.com\/sainte-ursule\/wp-json\/wp\/v2\/users\/1"}],"replies":[{"embeddable":true,"href":"http:\/\/www.collegelafraternite.com\/sainte-ursule\/wp-json\/wp\/v2\/comments?post=237"}],"version-history":[{"count":11,"href":"http:\/\/www.collegelafraternite.com\/sainte-ursule\/wp-json\/wp\/v2\/pages\/237\/revisions"}],"predecessor-version":[{"id":3268,"href":"http:\/\/www.collegelafraternite.com\/sainte-ursule\/wp-json\/wp\/v2\/pages\/237\/revisions\/3268"}],"up":[{"embeddable":true,"href":"http:\/\/www.collegelafraternite.com\/sainte-ursule\/wp-json\/wp\/v2\/pages\/171"}],"wp:attachment":[{"href":"http:\/\/www.collegelafraternite.com\/sainte-ursule\/wp-json\/wp\/v2\/media?parent=237"}],"curies":[{"name":"wp","href":"https:\/\/api.w.org\/{rel}","templated":true}]}}