{"id":1787,"date":"2021-03-12T15:41:42","date_gmt":"2021-03-12T14:41:42","guid":{"rendered":"http:\/\/www.collegelafraternite.com\/sainte-ursule\/?page_id=1787"},"modified":"2021-03-12T15:45:23","modified_gmt":"2021-03-12T14:45:23","slug":"challenge-gros-pull","status":"publish","type":"page","link":"http:\/\/www.collegelafraternite.com\/sainte-ursule\/ecoschool\/challenge-gros-pull\/","title":{"rendered":"Action \u00e9nergie : Challenge \u00ab\u00a0gros pull\u00a0\u00bb"},"content":{"rendered":"\n<p><\/p>\n\n\n\n<p>Les \u00e9l\u00e8ves de 1Cc et 1Cd se sont int\u00e9ress\u00e9s au sujet de l&rsquo;\u00e9nergie.<\/p>\n\n\n\n<p>Voici un diaporama qui retrace leur d\u00e9marche :<\/p>\n\n\n\n\n\n<div class=\"ngg-galleryoverview ngg-slideshow\"\n\t id=\"ngg-slideshow-51480e506262729720d595b829195b7c-2343097810\"\n     data-gallery-id=\"51480e506262729720d595b829195b7c\"\n     style=\"max-width: 600px; max-height: 400px;\">\n\n \t<div id=\"ngg-image-0\" class=\"ngg-gallery-slideshow-image\" style=\"height:400px\">\n\n        <a href=\"http:\/\/www.collegelafraternite.com\/sainte-ursule\/wp-content\/gallery\/gros-pull-2020-2021\/Energie-Gros-pull-1Cc-1Cd-2020-2021_1.jpg\"\n           title=\"\"\n           data-src=\"http:\/\/www.collegelafraternite.com\/sainte-ursule\/wp-content\/gallery\/gros-pull-2020-2021\/Energie-Gros-pull-1Cc-1Cd-2020-2021_1.jpg\"\n           data-thumbnail=\"http:\/\/www.collegelafraternite.com\/sainte-ursule\/wp-content\/gallery\/gros-pull-2020-2021\/thumbs\/thumbs_Energie-Gros-pull-1Cc-1Cd-2020-2021_1.jpg\"\n           data-image-id=\"427\"\n           data-title=\"Energie -Gros pull  1Cc-1Cd 2020-2021_1\"\n           data-description=\"\"\n           class=\"ngg-simplelightbox\" rel=\"51480e506262729720d595b829195b7c\">\n\n            <img data-image-id='427'\n                 title=\"\"\n                 alt=\"Energie -Gros pull  1Cc-1Cd 2020-2021_1\"\n                 src=\"http:\/\/www.collegelafraternite.com\/sainte-ursule\/wp-content\/gallery\/gros-pull-2020-2021\/Energie-Gros-pull-1Cc-1Cd-2020-2021_1.jpg\"\n                 style=\"max-height: 380px;\"\/>\n        <\/a>\n\n        <\/div> \n<div id=\"ngg-image-1\" class=\"ngg-gallery-slideshow-image\" style=\"height:400px\">\n\n        <a href=\"http:\/\/www.collegelafraternite.com\/sainte-ursule\/wp-content\/gallery\/gros-pull-2020-2021\/Energie-Gros-pull-1Cc-1Cd-2020-2021_2.jpg\"\n           title=\"\"\n           data-src=\"http:\/\/www.collegelafraternite.com\/sainte-ursule\/wp-content\/gallery\/gros-pull-2020-2021\/Energie-Gros-pull-1Cc-1Cd-2020-2021_2.jpg\"\n           data-thumbnail=\"http:\/\/www.collegelafraternite.com\/sainte-ursule\/wp-content\/gallery\/gros-pull-2020-2021\/thumbs\/thumbs_Energie-Gros-pull-1Cc-1Cd-2020-2021_2.jpg\"\n           data-image-id=\"428\"\n           data-title=\"Energie -Gros pull  1Cc-1Cd 2020-2021_2\"\n           data-description=\"\"\n           class=\"ngg-simplelightbox\" rel=\"51480e506262729720d595b829195b7c\">\n\n            <img data-image-id='428'\n                 title=\"\"\n                 alt=\"Energie -Gros pull  1Cc-1Cd 2020-2021_2\"\n                 src=\"http:\/\/www.collegelafraternite.com\/sainte-ursule\/wp-content\/gallery\/gros-pull-2020-2021\/Energie-Gros-pull-1Cc-1Cd-2020-2021_2.jpg\"\n                 style=\"max-height: 380px;\"\/>\n        <\/a>\n\n        <\/div> \n<div id=\"ngg-image-2\" class=\"ngg-gallery-slideshow-image\" style=\"height:400px\">\n\n        <a href=\"http:\/\/www.collegelafraternite.com\/sainte-ursule\/wp-content\/gallery\/gros-pull-2020-2021\/Energie-Gros-pull-1Cc-1Cd-2020-2021_3.jpg\"\n           title=\"\"\n           data-src=\"http:\/\/www.collegelafraternite.com\/sainte-ursule\/wp-content\/gallery\/gros-pull-2020-2021\/Energie-Gros-pull-1Cc-1Cd-2020-2021_3.jpg\"\n           data-thumbnail=\"http:\/\/www.collegelafraternite.com\/sainte-ursule\/wp-content\/gallery\/gros-pull-2020-2021\/thumbs\/thumbs_Energie-Gros-pull-1Cc-1Cd-2020-2021_3.jpg\"\n           data-image-id=\"429\"\n           data-title=\"Energie -Gros pull  1Cc-1Cd 2020-2021_3\"\n           data-description=\"\"\n           class=\"ngg-simplelightbox\" rel=\"51480e506262729720d595b829195b7c\">\n\n            <img data-image-id='429'\n                 title=\"\"\n                 alt=\"Energie -Gros pull  1Cc-1Cd 2020-2021_3\"\n                 src=\"http:\/\/www.collegelafraternite.com\/sainte-ursule\/wp-content\/gallery\/gros-pull-2020-2021\/Energie-Gros-pull-1Cc-1Cd-2020-2021_3.jpg\"\n                 style=\"max-height: 380px;\"\/>\n        <\/a>\n\n        <\/div> \n<div id=\"ngg-image-3\" class=\"ngg-gallery-slideshow-image\" style=\"height:400px\">\n\n        <a href=\"http:\/\/www.collegelafraternite.com\/sainte-ursule\/wp-content\/gallery\/gros-pull-2020-2021\/Energie-Gros-pull-1Cc-1Cd-2020-2021_4.jpg\"\n           title=\"\"\n           data-src=\"http:\/\/www.collegelafraternite.com\/sainte-ursule\/wp-content\/gallery\/gros-pull-2020-2021\/Energie-Gros-pull-1Cc-1Cd-2020-2021_4.jpg\"\n           data-thumbnail=\"http:\/\/www.collegelafraternite.com\/sainte-ursule\/wp-content\/gallery\/gros-pull-2020-2021\/thumbs\/thumbs_Energie-Gros-pull-1Cc-1Cd-2020-2021_4.jpg\"\n           data-image-id=\"430\"\n           data-title=\"Energie -Gros pull  1Cc-1Cd 2020-2021_4\"\n           data-description=\"\"\n           class=\"ngg-simplelightbox\" rel=\"51480e506262729720d595b829195b7c\">\n\n            <img data-image-id='430'\n                 title=\"\"\n                 alt=\"Energie -Gros pull  1Cc-1Cd 2020-2021_4\"\n                 src=\"http:\/\/www.collegelafraternite.com\/sainte-ursule\/wp-content\/gallery\/gros-pull-2020-2021\/Energie-Gros-pull-1Cc-1Cd-2020-2021_4.jpg\"\n                 style=\"max-height: 380px;\"\/>\n        <\/a>\n\n        <\/div> \n<div id=\"ngg-image-4\" class=\"ngg-gallery-slideshow-image\" style=\"height:400px\">\n\n        <a href=\"http:\/\/www.collegelafraternite.com\/sainte-ursule\/wp-content\/gallery\/gros-pull-2020-2021\/Energie-Gros-pull-1Cc-1Cd-2020-2021_5.jpg\"\n           title=\"\"\n           data-src=\"http:\/\/www.collegelafraternite.com\/sainte-ursule\/wp-content\/gallery\/gros-pull-2020-2021\/Energie-Gros-pull-1Cc-1Cd-2020-2021_5.jpg\"\n           data-thumbnail=\"http:\/\/www.collegelafraternite.com\/sainte-ursule\/wp-content\/gallery\/gros-pull-2020-2021\/thumbs\/thumbs_Energie-Gros-pull-1Cc-1Cd-2020-2021_5.jpg\"\n           data-image-id=\"431\"\n           data-title=\"Energie -Gros pull  1Cc-1Cd 2020-2021_5\"\n           data-description=\"\"\n           class=\"ngg-simplelightbox\" rel=\"51480e506262729720d595b829195b7c\">\n\n            <img data-image-id='431'\n                 title=\"\"\n                 alt=\"Energie -Gros pull  1Cc-1Cd 2020-2021_5\"\n                 src=\"http:\/\/www.collegelafraternite.com\/sainte-ursule\/wp-content\/gallery\/gros-pull-2020-2021\/Energie-Gros-pull-1Cc-1Cd-2020-2021_5.jpg\"\n                 style=\"max-height: 380px;\"\/>\n        <\/a>\n\n        <\/div> \n<div id=\"ngg-image-5\" class=\"ngg-gallery-slideshow-image\" style=\"height:400px\">\n\n        <a href=\"http:\/\/www.collegelafraternite.com\/sainte-ursule\/wp-content\/gallery\/gros-pull-2020-2021\/Energie-Gros-pull-1Cc-1Cd-2020-2021_6.jpg\"\n           title=\"\"\n           data-src=\"http:\/\/www.collegelafraternite.com\/sainte-ursule\/wp-content\/gallery\/gros-pull-2020-2021\/Energie-Gros-pull-1Cc-1Cd-2020-2021_6.jpg\"\n           data-thumbnail=\"http:\/\/www.collegelafraternite.com\/sainte-ursule\/wp-content\/gallery\/gros-pull-2020-2021\/thumbs\/thumbs_Energie-Gros-pull-1Cc-1Cd-2020-2021_6.jpg\"\n           data-image-id=\"432\"\n           data-title=\"Energie -Gros pull  1Cc-1Cd 2020-2021_6\"\n           data-description=\"\"\n           class=\"ngg-simplelightbox\" rel=\"51480e506262729720d595b829195b7c\">\n\n            <img data-image-id='432'\n                 title=\"\"\n                 alt=\"Energie -Gros pull  1Cc-1Cd 2020-2021_6\"\n                 src=\"http:\/\/www.collegelafraternite.com\/sainte-ursule\/wp-content\/gallery\/gros-pull-2020-2021\/Energie-Gros-pull-1Cc-1Cd-2020-2021_6.jpg\"\n                 style=\"max-height: 380px;\"\/>\n        <\/a>\n\n        <\/div> \n<div id=\"ngg-image-6\" class=\"ngg-gallery-slideshow-image\" style=\"height:400px\">\n\n        <a href=\"http:\/\/www.collegelafraternite.com\/sainte-ursule\/wp-content\/gallery\/gros-pull-2020-2021\/Energie-Gros-pull-1Cc-1Cd-2020-2021_7.jpg\"\n           title=\"\"\n           data-src=\"http:\/\/www.collegelafraternite.com\/sainte-ursule\/wp-content\/gallery\/gros-pull-2020-2021\/Energie-Gros-pull-1Cc-1Cd-2020-2021_7.jpg\"\n           data-thumbnail=\"http:\/\/www.collegelafraternite.com\/sainte-ursule\/wp-content\/gallery\/gros-pull-2020-2021\/thumbs\/thumbs_Energie-Gros-pull-1Cc-1Cd-2020-2021_7.jpg\"\n           data-image-id=\"433\"\n           data-title=\"Energie -Gros pull  1Cc-1Cd 2020-2021_7\"\n           data-description=\"\"\n           class=\"ngg-simplelightbox\" rel=\"51480e506262729720d595b829195b7c\">\n\n            <img data-image-id='433'\n                 title=\"\"\n                 alt=\"Energie -Gros pull  1Cc-1Cd 2020-2021_7\"\n                 src=\"http:\/\/www.collegelafraternite.com\/sainte-ursule\/wp-content\/gallery\/gros-pull-2020-2021\/Energie-Gros-pull-1Cc-1Cd-2020-2021_7.jpg\"\n                 style=\"max-height: 380px;\"\/>\n        <\/a>\n\n        <\/div> \n<div id=\"ngg-image-7\" class=\"ngg-gallery-slideshow-image\" style=\"height:400px\">\n\n        <a href=\"http:\/\/www.collegelafraternite.com\/sainte-ursule\/wp-content\/gallery\/gros-pull-2020-2021\/Energie-Gros-pull-1Cc-1Cd-2020-2021_8.jpg\"\n           title=\"\"\n           data-src=\"http:\/\/www.collegelafraternite.com\/sainte-ursule\/wp-content\/gallery\/gros-pull-2020-2021\/Energie-Gros-pull-1Cc-1Cd-2020-2021_8.jpg\"\n           data-thumbnail=\"http:\/\/www.collegelafraternite.com\/sainte-ursule\/wp-content\/gallery\/gros-pull-2020-2021\/thumbs\/thumbs_Energie-Gros-pull-1Cc-1Cd-2020-2021_8.jpg\"\n           data-image-id=\"434\"\n           data-title=\"Energie -Gros pull  1Cc-1Cd 2020-2021_8\"\n           data-description=\"\"\n           class=\"ngg-simplelightbox\" rel=\"51480e506262729720d595b829195b7c\">\n\n            <img data-image-id='434'\n                 title=\"\"\n                 alt=\"Energie -Gros pull  1Cc-1Cd 2020-2021_8\"\n                 src=\"http:\/\/www.collegelafraternite.com\/sainte-ursule\/wp-content\/gallery\/gros-pull-2020-2021\/Energie-Gros-pull-1Cc-1Cd-2020-2021_8.jpg\"\n                 style=\"max-height: 380px;\"\/>\n        <\/a>\n\n        <\/div> \n<div id=\"ngg-image-8\" class=\"ngg-gallery-slideshow-image\" style=\"height:400px\">\n\n        <a href=\"http:\/\/www.collegelafraternite.com\/sainte-ursule\/wp-content\/gallery\/gros-pull-2020-2021\/Energie-Gros-pull-1Cc-1Cd-2020-2021_10.jpg\"\n           title=\"\"\n           data-src=\"http:\/\/www.collegelafraternite.com\/sainte-ursule\/wp-content\/gallery\/gros-pull-2020-2021\/Energie-Gros-pull-1Cc-1Cd-2020-2021_10.jpg\"\n           data-thumbnail=\"http:\/\/www.collegelafraternite.com\/sainte-ursule\/wp-content\/gallery\/gros-pull-2020-2021\/thumbs\/thumbs_Energie-Gros-pull-1Cc-1Cd-2020-2021_10.jpg\"\n           data-image-id=\"435\"\n           data-title=\"Energie -Gros pull  1Cc-1Cd 2020-2021_10\"\n           data-description=\"\"\n           class=\"ngg-simplelightbox\" rel=\"51480e506262729720d595b829195b7c\">\n\n            <img data-image-id='435'\n                 title=\"\"\n                 alt=\"Energie -Gros pull  1Cc-1Cd 2020-2021_10\"\n                 src=\"http:\/\/www.collegelafraternite.com\/sainte-ursule\/wp-content\/gallery\/gros-pull-2020-2021\/Energie-Gros-pull-1Cc-1Cd-2020-2021_10.jpg\"\n                 style=\"max-height: 380px;\"\/>\n        <\/a>\n\n        <\/div> \n<div id=\"ngg-image-9\" class=\"ngg-gallery-slideshow-image\" style=\"height:400px\">\n\n        <a href=\"http:\/\/www.collegelafraternite.com\/sainte-ursule\/wp-content\/gallery\/gros-pull-2020-2021\/Energie-Gros-pull-1Cc-1Cd-2020-2021_11.jpg\"\n           title=\"\"\n           data-src=\"http:\/\/www.collegelafraternite.com\/sainte-ursule\/wp-content\/gallery\/gros-pull-2020-2021\/Energie-Gros-pull-1Cc-1Cd-2020-2021_11.jpg\"\n           data-thumbnail=\"http:\/\/www.collegelafraternite.com\/sainte-ursule\/wp-content\/gallery\/gros-pull-2020-2021\/thumbs\/thumbs_Energie-Gros-pull-1Cc-1Cd-2020-2021_11.jpg\"\n           data-image-id=\"436\"\n           data-title=\"Energie -Gros pull  1Cc-1Cd 2020-2021_11\"\n           data-description=\"\"\n           class=\"ngg-simplelightbox\" rel=\"51480e506262729720d595b829195b7c\">\n\n            <img data-image-id='436'\n                 title=\"\"\n                 alt=\"Energie -Gros pull  1Cc-1Cd 2020-2021_11\"\n                 src=\"http:\/\/www.collegelafraternite.com\/sainte-ursule\/wp-content\/gallery\/gros-pull-2020-2021\/Energie-Gros-pull-1Cc-1Cd-2020-2021_11.jpg\"\n                 style=\"max-height: 380px;\"\/>\n        <\/a>\n\n        <\/div> \n<div id=\"ngg-image-10\" class=\"ngg-gallery-slideshow-image\" style=\"height:400px\">\n\n        <a href=\"http:\/\/www.collegelafraternite.com\/sainte-ursule\/wp-content\/gallery\/gros-pull-2020-2021\/Energie-Gros-pull-1Cc-1Cd-2020-2021_12.jpg\"\n           title=\"\"\n           data-src=\"http:\/\/www.collegelafraternite.com\/sainte-ursule\/wp-content\/gallery\/gros-pull-2020-2021\/Energie-Gros-pull-1Cc-1Cd-2020-2021_12.jpg\"\n           data-thumbnail=\"http:\/\/www.collegelafraternite.com\/sainte-ursule\/wp-content\/gallery\/gros-pull-2020-2021\/thumbs\/thumbs_Energie-Gros-pull-1Cc-1Cd-2020-2021_12.jpg\"\n           data-image-id=\"437\"\n           data-title=\"Energie -Gros pull  1Cc-1Cd 2020-2021_12\"\n           data-description=\"\"\n           class=\"ngg-simplelightbox\" rel=\"51480e506262729720d595b829195b7c\">\n\n            <img data-image-id='437'\n                 title=\"\"\n                 alt=\"Energie -Gros pull  1Cc-1Cd 2020-2021_12\"\n                 src=\"http:\/\/www.collegelafraternite.com\/sainte-ursule\/wp-content\/gallery\/gros-pull-2020-2021\/Energie-Gros-pull-1Cc-1Cd-2020-2021_12.jpg\"\n                 style=\"max-height: 380px;\"\/>\n        <\/a>\n\n        <\/div> \n<div id=\"ngg-image-11\" class=\"ngg-gallery-slideshow-image\" style=\"height:400px\">\n\n        <a href=\"http:\/\/www.collegelafraternite.com\/sainte-ursule\/wp-content\/gallery\/gros-pull-2020-2021\/Energie-Gros-pull-1Cc-1Cd-2020-2021_13.jpg\"\n           title=\"\"\n           data-src=\"http:\/\/www.collegelafraternite.com\/sainte-ursule\/wp-content\/gallery\/gros-pull-2020-2021\/Energie-Gros-pull-1Cc-1Cd-2020-2021_13.jpg\"\n           data-thumbnail=\"http:\/\/www.collegelafraternite.com\/sainte-ursule\/wp-content\/gallery\/gros-pull-2020-2021\/thumbs\/thumbs_Energie-Gros-pull-1Cc-1Cd-2020-2021_13.jpg\"\n           data-image-id=\"438\"\n           data-title=\"Energie -Gros pull  1Cc-1Cd 2020-2021_13\"\n           data-description=\"\"\n           class=\"ngg-simplelightbox\" rel=\"51480e506262729720d595b829195b7c\">\n\n            <img data-image-id='438'\n                 title=\"\"\n                 alt=\"Energie -Gros pull  1Cc-1Cd 2020-2021_13\"\n                 src=\"http:\/\/www.collegelafraternite.com\/sainte-ursule\/wp-content\/gallery\/gros-pull-2020-2021\/Energie-Gros-pull-1Cc-1Cd-2020-2021_13.jpg\"\n                 style=\"max-height: 380px;\"\/>\n        <\/a>\n\n        <\/div> \n<div id=\"ngg-image-12\" class=\"ngg-gallery-slideshow-image\" style=\"height:400px\">\n\n        <a href=\"http:\/\/www.collegelafraternite.com\/sainte-ursule\/wp-content\/gallery\/gros-pull-2020-2021\/Energie-Gros-pull-1Cc-1Cd-2020-2021_14.jpg\"\n           title=\"\"\n           data-src=\"http:\/\/www.collegelafraternite.com\/sainte-ursule\/wp-content\/gallery\/gros-pull-2020-2021\/Energie-Gros-pull-1Cc-1Cd-2020-2021_14.jpg\"\n           data-thumbnail=\"http:\/\/www.collegelafraternite.com\/sainte-ursule\/wp-content\/gallery\/gros-pull-2020-2021\/thumbs\/thumbs_Energie-Gros-pull-1Cc-1Cd-2020-2021_14.jpg\"\n           data-image-id=\"439\"\n           data-title=\"Energie -Gros pull  1Cc-1Cd 2020-2021_14\"\n           data-description=\"\"\n           class=\"ngg-simplelightbox\" rel=\"51480e506262729720d595b829195b7c\">\n\n            <img data-image-id='439'\n                 title=\"\"\n                 alt=\"Energie -Gros pull  1Cc-1Cd 2020-2021_14\"\n                 src=\"http:\/\/www.collegelafraternite.com\/sainte-ursule\/wp-content\/gallery\/gros-pull-2020-2021\/Energie-Gros-pull-1Cc-1Cd-2020-2021_14.jpg\"\n                 style=\"max-height: 380px;\"\/>\n        <\/a>\n\n        <\/div> \n<div id=\"ngg-image-13\" class=\"ngg-gallery-slideshow-image\" style=\"height:400px\">\n\n        <a href=\"http:\/\/www.collegelafraternite.com\/sainte-ursule\/wp-content\/gallery\/gros-pull-2020-2021\/Energie-Gros-pull-1Cc-1Cd-2020-2021_15.jpg\"\n           title=\"\"\n           data-src=\"http:\/\/www.collegelafraternite.com\/sainte-ursule\/wp-content\/gallery\/gros-pull-2020-2021\/Energie-Gros-pull-1Cc-1Cd-2020-2021_15.jpg\"\n           data-thumbnail=\"http:\/\/www.collegelafraternite.com\/sainte-ursule\/wp-content\/gallery\/gros-pull-2020-2021\/thumbs\/thumbs_Energie-Gros-pull-1Cc-1Cd-2020-2021_15.jpg\"\n           data-image-id=\"440\"\n           data-title=\"Energie -Gros pull  1Cc-1Cd 2020-2021_15\"\n           data-description=\"\"\n           class=\"ngg-simplelightbox\" rel=\"51480e506262729720d595b829195b7c\">\n\n            <img data-image-id='440'\n                 title=\"\"\n                 alt=\"Energie -Gros pull  1Cc-1Cd 2020-2021_15\"\n                 src=\"http:\/\/www.collegelafraternite.com\/sainte-ursule\/wp-content\/gallery\/gros-pull-2020-2021\/Energie-Gros-pull-1Cc-1Cd-2020-2021_15.jpg\"\n                 style=\"max-height: 380px;\"\/>\n        <\/a>\n\n        <\/div> \n<div id=\"ngg-image-14\" class=\"ngg-gallery-slideshow-image\" style=\"height:400px\">\n\n        <a href=\"http:\/\/www.collegelafraternite.com\/sainte-ursule\/wp-content\/gallery\/gros-pull-2020-2021\/Energie-Gros-pull-1Cc-1Cd-2020-2021_16.jpg\"\n           title=\"\"\n           data-src=\"http:\/\/www.collegelafraternite.com\/sainte-ursule\/wp-content\/gallery\/gros-pull-2020-2021\/Energie-Gros-pull-1Cc-1Cd-2020-2021_16.jpg\"\n           data-thumbnail=\"http:\/\/www.collegelafraternite.com\/sainte-ursule\/wp-content\/gallery\/gros-pull-2020-2021\/thumbs\/thumbs_Energie-Gros-pull-1Cc-1Cd-2020-2021_16.jpg\"\n           data-image-id=\"441\"\n           data-title=\"Energie -Gros pull  1Cc-1Cd 2020-2021_16\"\n           data-description=\"\"\n           class=\"ngg-simplelightbox\" rel=\"51480e506262729720d595b829195b7c\">\n\n            <img data-image-id='441'\n                 title=\"\"\n                 alt=\"Energie -Gros pull  1Cc-1Cd 2020-2021_16\"\n                 src=\"http:\/\/www.collegelafraternite.com\/sainte-ursule\/wp-content\/gallery\/gros-pull-2020-2021\/Energie-Gros-pull-1Cc-1Cd-2020-2021_16.jpg\"\n                 style=\"max-height: 380px;\"\/>\n        <\/a>\n\n        <\/div> \n<div id=\"ngg-image-15\" class=\"ngg-gallery-slideshow-image\" style=\"height:400px\">\n\n        <a href=\"http:\/\/www.collegelafraternite.com\/sainte-ursule\/wp-content\/gallery\/gros-pull-2020-2021\/Energie-Gros-pull-1Cc-1Cd-2020-2021_17.jpg\"\n           title=\"\"\n           data-src=\"http:\/\/www.collegelafraternite.com\/sainte-ursule\/wp-content\/gallery\/gros-pull-2020-2021\/Energie-Gros-pull-1Cc-1Cd-2020-2021_17.jpg\"\n           data-thumbnail=\"http:\/\/www.collegelafraternite.com\/sainte-ursule\/wp-content\/gallery\/gros-pull-2020-2021\/thumbs\/thumbs_Energie-Gros-pull-1Cc-1Cd-2020-2021_17.jpg\"\n           data-image-id=\"442\"\n           data-title=\"Energie -Gros pull  1Cc-1Cd 2020-2021_17\"\n           data-description=\"\"\n           class=\"ngg-simplelightbox\" rel=\"51480e506262729720d595b829195b7c\">\n\n            <img data-image-id='442'\n                 title=\"\"\n                 alt=\"Energie -Gros pull  1Cc-1Cd 2020-2021_17\"\n                 src=\"http:\/\/www.collegelafraternite.com\/sainte-ursule\/wp-content\/gallery\/gros-pull-2020-2021\/Energie-Gros-pull-1Cc-1Cd-2020-2021_17.jpg\"\n                 style=\"max-height: 380px;\"\/>\n        <\/a>\n\n        <\/div> \n<\/div>\n\n\n\t\t<!-- Thumbnails Link -->\n\t<div class=\"slideshowlink\" style=\"max-width: 600px;\">\n        <a href='http:\/\/www.collegelafraternite.com\/sainte-ursule\/ecoschool\/challenge-gros-pull\/nggallery\/thumbnails'>[Show thumbnails]<\/a>\n\t<\/div>\n\n\n","protected":false},"excerpt":{"rendered":"<p>Les \u00e9l\u00e8ves de 1Cc et 1Cd se sont int\u00e9ress\u00e9s au sujet de l&rsquo;\u00e9nergie. Voici un diaporama qui retrace leur d\u00e9marche :<\/p>\n","protected":false},"author":1,"featured_media":0,"parent":1576,"menu_order":0,"comment_status":"closed","ping_status":"closed","template":"page-fullwidth.php","meta":{"ngg_post_thumbnail":0},"_links":{"self":[{"href":"http:\/\/www.collegelafraternite.com\/sainte-ursule\/wp-json\/wp\/v2\/pages\/1787"}],"collection":[{"href":"http:\/\/www.collegelafraternite.com\/sainte-ursule\/wp-json\/wp\/v2\/pages"}],"about":[{"href":"http:\/\/www.collegelafraternite.com\/sainte-ursule\/wp-json\/wp\/v2\/types\/page"}],"author":[{"embeddable":true,"href":"http:\/\/www.collegelafraternite.com\/sainte-ursule\/wp-json\/wp\/v2\/users\/1"}],"replies":[{"embeddable":true,"href":"http:\/\/www.collegelafraternite.com\/sainte-ursule\/wp-json\/wp\/v2\/comments?post=1787"}],"version-history":[{"count":3,"href":"http:\/\/www.collegelafraternite.com\/sainte-ursule\/wp-json\/wp\/v2\/pages\/1787\/revisions"}],"predecessor-version":[{"id":1812,"href":"http:\/\/www.collegelafraternite.com\/sainte-ursule\/wp-json\/wp\/v2\/pages\/1787\/revisions\/1812"}],"up":[{"embeddable":true,"href":"http:\/\/www.collegelafraternite.com\/sainte-ursule\/wp-json\/wp\/v2\/pages\/1576"}],"wp:attachment":[{"href":"http:\/\/www.collegelafraternite.com\/sainte-ursule\/wp-json\/wp\/v2\/media?parent=1787"}],"curies":[{"name":"wp","href":"https:\/\/api.w.org\/{rel}","templated":true}]}}