{"id":128,"date":"2018-02-06T12:40:05","date_gmt":"2018-02-06T11:40:05","guid":{"rendered":"http:\/\/www.onmangecamp.be\/frat\/?page_id=128"},"modified":"2024-08-13T21:02:38","modified_gmt":"2024-08-13T19:02:38","slug":"troisieme-degre-professionnel","status":"publish","type":"page","link":"http:\/\/www.collegelafraternite.com\/sainte-ursule\/troisieme-degre-professionnel\/","title":{"rendered":"TROISIEME DEGRE PROFESSIONNEL"},"content":{"rendered":"<h1>COLLABORATEUR\u00b7TRICE ADMINISTRATIF\u00b7VE : AUXILIAIRE ADMINISTRATIF\u00b7VE D&rsquo;ACCUEIL<\/h1>\n<p>L\u2019\u00e9l\u00e8ve est form\u00e9 pour travailler au sein d\u2019entreprises, de bureaux, d\u2019administrations, d\u2019associations. Il\/elle assure diff\u00e9rentes t\u00e2ches relatives \u00e0 l\u2019accueil et \u00e0 la gestion administrative courante.<\/p>\n<p>Il\/elle accomplit diff\u00e9rentes t\u00e2ches administratives comme le classement, la v\u00e9rification de documents administratifs courants, l\u2019archivage. Parfois, il\/elle peut remplir des t\u00e2ches de r\u00e9ceptionniste-t\u00e9l\u00e9phoniste ou d\u2019encodeur\/encodeuse. Outre la gestion des appels t\u00e9l\u00e9phoniques, il\/elle re\u00e7oit, contr\u00f4le et oriente les visiteurs.<\/p>\n<p>Son attitude et sa tenue doivent \u00eatre soign\u00e9es et irr\u00e9prochables.&nbsp;<\/p>\n<p>La ma\u00eetrise des outils bureautiques est indispensable ainsi que la bonne pratique orale du fran\u00e7ais, du n\u00e9erlandais et de l\u2019anglais.<\/p>\n<h2>&nbsp;<\/h2>\n<h2>D\u00e9bouch\u00e9s<\/h2>\n<p>Apr\u00e8s tes \u00e9tudes, tu pourras travailler&nbsp;: comme r\u00e9ceptionniste, encodeur de donn\u00e9es ou agent d\u2019accueil.<\/p>\n<p>Dans le milieu du tourisme (\u00e0 la r\u00e9ception d\u2019un h\u00f4tel ou d\u2019un office du tourisme), dans le milieu culturel (\u00e0 la billetterie dans un cin\u00e9ma, dans un mus\u00e9e ou d\u2019un th\u00e9\u00e2tre), dans le milieu m\u00e9dical (\u00e0 la r\u00e9ception d\u2019un h\u00f4pital, d\u2019un cabinet de m\u00e9decin\u2026), dans le milieu des entreprises (comme r\u00e9ceptionniste, t\u00e9l\u00e9phoniste, commis ou assistant administratif) ou encore dans le milieu scolaire\u2026<\/p>\n<h2>&nbsp;<\/h2>\n<h2>Axes de formation<\/h2>\n<p>La formation s\u2019articule autour de quelques grandes comp\u00e9tences:<\/p>\n<ul>\n<li>Accueillir des visiteurs, des clients (au t\u00e9l\u00e9phone, en face \u00e0 face).<\/li>\n<li>Saisir des textes, encoder des donn\u00e9es.<\/li>\n<li>Utiliser les outils de la communication et de l\u2019information.<\/li>\n<li>Assurer le traitement du courrier entrant et sortant, g\u00e9rer le classement des documents et l\u2019archivage.<\/li>\n<li>Participer \u00e0 des activit\u00e9s de relations publiques.<\/li>\n<li>S\u2019int\u00e9grer dans le milieu professionnel.<\/li>\n<\/ul>\n<p>Pour aborder cette option, les pr\u00e9-requis essentiels sont les suivants: un minimum d\u2019acquis en langues et, si possible, \u00eatre initi\u00e9 \u00e0 l\u2019outil informatique.<\/p>\n<p>&nbsp;<\/p>\n<h3>Quelques exemples d\u2019activit\u00e9s initi\u00e9es au Coll\u00e8ge La Fraternit\u00e9<\/h3>\n<ul>\n<li>Diverses visites sont organis\u00e9es pour pr\u00e9parer le jeune \u00e0 devenir demain un citoyen responsable (Parlement europ\u00e9en, Palais de Justice, station d\u2019\u00e9puration\u2026).<\/li>\n<li>Des activit\u00e9s d\u2019accueil (soir\u00e9es organis\u00e9es au Lions\u2019 Club, lors des concours de Jeunes Entreprises, lors de la remise des bulletins, o\u00f9 les classes de 6<sup>e<\/sup> s\u2019occupent de l\u2019accueil des parents et des \u00e9l\u00e8ves&#8230;).<\/li>\n<li>Des visites d\u2019entreprises.<\/li>\n<li>Le Projet Dream.<\/li>\n<\/ul>\n<h2>&nbsp;<\/h2>\n<h2>Nos exigences<\/h2>\n<h3>Savoirs<\/h3>\n<ul>\n<li>Avoir de bonnes bases en fran\u00e7ais.<\/li>\n<li>R\u00e9aliser rapidement des progr\u00e8s en orthographe.<\/li>\n<li>\u00catre capable, \u00e0 la fin de la 1<sup>re<\/sup>&nbsp;ann\u00e9e dans le second degr\u00e9, de dactylographier \u00e0 l\u2019aveugle et \u00e0 10 doigts.<\/li>\n<\/ul>\n<h3>Savoir-\u00eatre<\/h3>\n<ul>\n<li>\u00catre poli, souriant.<\/li>\n<li>Aimer l\u2019ordre et le soin.<\/li>\n<li>Faire preuve de self-control.<\/li>\n<li>Respecter le mat\u00e9riel mis \u00e0 disposition.<\/li>\n<li>S\u2019engager \u00e0 travailler r\u00e9guli\u00e8rement \u00e0 domicile.<\/li>\n<\/ul>\n<h3>Savoir-faire<\/h3>\n<ul>\n<li>Apporter son mat\u00e9riel de travail.<\/li>\n<li>R\u00e9aliser un stage obligatoire dans la 2e ann\u00e9e du degr\u00e9 (suivi de la r\u00e9daction d\u2019un rapport de stage).<\/li>\n<li>R\u00e9pondre aux aptitudes professionnelles lors du stage.<\/li>\n<li>\u00catre soigneux dans ses cours et dans son travail de bureau.<\/li>\n<\/ul>\n<p>&nbsp;<\/p>\n<h2>Grille Horaire<\/h2>\n<table  class=\" table table-hover\" style=\"width: 116.487%;\">\n<tbody>\n<tr style=\"height: 61.6562px;\">\n<td style=\"width: 56.5107%; text-align: center; height: 61.6562px;\" colspan=\"2\"><strong>5<sup>e<\/sup> COLLABORATEUR\u00b7TRICE ADMINISTRATIF.VE<\/strong><\/td>\n<td style=\"width: 55.0219%; text-align: center; height: 61.6562px;\" colspan=\"2\"><strong>6<sup>e<\/sup> COLLABORATEUR\u00b7TRICE ADMINISTRATIF.VE<\/strong><\/td>\n<\/tr>\n<tr style=\"height: 560px;\">\n<td style=\"width: 51.2175%; height: 560px;\">&nbsp;\u00b7&nbsp;&nbsp;&nbsp;&nbsp;&nbsp; Religion&nbsp;&nbsp;&nbsp;<\/p>\n<p>\u00b7&nbsp;&nbsp;&nbsp;&nbsp;&nbsp; \u00c9ducation physique<\/p>\n<p>\u00b7&nbsp;&nbsp;&nbsp;&nbsp;&nbsp; Fran\u00e7ais<\/p>\n<p>\u00b7&nbsp;&nbsp;&nbsp;&nbsp;&nbsp; Formation historique et g\u00e9ographique<\/p>\n<p>\u00b7&nbsp;&nbsp;&nbsp;&nbsp;&nbsp; Formation scientifique<\/p>\n<p>\u00b7&nbsp;&nbsp;&nbsp;&nbsp;&nbsp; Formation sociale et \u00e9conomique<\/p>\n<p>\u00b7&nbsp;&nbsp;&nbsp;&nbsp;&nbsp; Anglais<\/p>\n<p>\u00b7&nbsp;&nbsp;&nbsp;&nbsp;&nbsp; N\u00e9erlandais<\/p>\n<p>\u00b7&nbsp;&nbsp;&nbsp;&nbsp;&nbsp; Outils \u2013 applications bureautiques<\/p>\n<p>\u00b7&nbsp;&nbsp;&nbsp;&nbsp;&nbsp; Activit\u00e9s d\u2019insertion professionnelle et\/ou stages<\/p>\n<p>\u00b7&nbsp;&nbsp;&nbsp;&nbsp;&nbsp; Techniques d\u2019organisation&nbsp;:<\/p>\n<p>&nbsp; &nbsp; &nbsp; &nbsp; &nbsp; &nbsp; &nbsp; &nbsp; &nbsp; &nbsp; &nbsp; relations publiques, sociales, secr\u00e9tariat<\/td>\n<td style=\"width: 5.29319%; height: 560px;\">2h&nbsp;&nbsp;&nbsp;<\/p>\n<p>2h<\/p>\n<p>4h<\/p>\n<p>2h<\/p>\n<p>2h<\/p>\n<p>2h<\/p>\n<p>2h<\/p>\n<p>3h<\/p>\n<p>6h<\/p>\n<p>4h<\/p>\n<p>6h<\/p>\n<p>&nbsp;<\/td>\n<td style=\"width: 41.7914%; height: 560px;\">\u00b7&nbsp;&nbsp;&nbsp;&nbsp;&nbsp; Religion&nbsp;&nbsp;&nbsp;<\/p>\n<p>\u00b7&nbsp;&nbsp;&nbsp;&nbsp;&nbsp; \u00c9ducation physique<\/p>\n<p>\u00b7&nbsp;&nbsp;&nbsp;&nbsp;&nbsp; Fran\u00e7ais<\/p>\n<p>\u00b7&nbsp;&nbsp;&nbsp;&nbsp;&nbsp; Formation historique et g\u00e9ographique<\/p>\n<p>\u00b7&nbsp;&nbsp;&nbsp;&nbsp;&nbsp; Formation scientifique<\/p>\n<p>\u00b7&nbsp;&nbsp;&nbsp;&nbsp;&nbsp; Formation sociale et \u00e9conomique<\/p>\n<p>\u00b7&nbsp;&nbsp;&nbsp;&nbsp;&nbsp; Anglais<\/p>\n<p>\u00b7&nbsp;&nbsp;&nbsp;&nbsp;&nbsp; N\u00e9erlandais<\/p>\n<p>\u00b7&nbsp;&nbsp;&nbsp;&nbsp;&nbsp; Outils \u2013 applications bureautiques<\/p>\n<p>\u00b7&nbsp;&nbsp;&nbsp;&nbsp;&nbsp; Activit\u00e9s d\u2019insertion professionnelle et\/ou stages<\/p>\n<p>\u00b7&nbsp;&nbsp;&nbsp;&nbsp;&nbsp; Techniques d\u2019organisation&nbsp;:<\/p>\n<p>&nbsp; &nbsp; &nbsp; &nbsp; &nbsp; &nbsp; &nbsp; &nbsp; &nbsp; &nbsp; &nbsp; relations publiques, sociales, secr\u00e9tariat<\/td>\n<td style=\"width: 13.2305%; height: 560px;\">2h&nbsp;&nbsp;&nbsp;<\/p>\n<p>2h<\/p>\n<p>4h<\/p>\n<p>2h<\/p>\n<p>2h<\/p>\n<p>2h<\/p>\n<p>2h<\/p>\n<p>3h<\/p>\n<p>6h<\/p>\n<p>4h<\/p>\n<p>6h<\/p>\n<p>&nbsp;<\/td>\n<\/tr>\n<tr style=\"height: 56px;\">\n<td style=\"width: 56.5107%; height: 56px; text-align: center;\" colspan=\"2\">35h<\/td>\n<td style=\"width: 55.0219%; height: 56px; text-align: center;\" colspan=\"2\">35h<\/td>\n<\/tr>\n<\/tbody>\n<\/table>\n<p>&nbsp;<\/p>\n","protected":false},"excerpt":{"rendered":"<p>COLLABORATEUR\u00b7TRICE ADMINISTRATIF\u00b7VE : AUXILIAIRE ADMINISTRATIF\u00b7VE D&rsquo;ACCUEIL L\u2019\u00e9l\u00e8ve est form\u00e9 pour travailler au sein d\u2019entreprises, de bureaux, d\u2019administrations, d\u2019associations. Il\/elle assure diff\u00e9rentes t\u00e2ches relatives \u00e0 l\u2019accueil et \u00e0 la gestion administrative courante. Il\/elle accomplit diff\u00e9rentes t\u00e2ches administratives comme le classement, la v\u00e9rification de documents administratifs courants, l\u2019archivage. Parfois, il\/elle peut remplir des t\u00e2ches de r\u00e9ceptionniste-t\u00e9l\u00e9phoniste ou [&hellip;]<\/p>\n","protected":false},"author":1,"featured_media":0,"parent":0,"menu_order":0,"comment_status":"closed","ping_status":"closed","template":"page-fullwidth.php","meta":{"ngg_post_thumbnail":0},"_links":{"self":[{"href":"http:\/\/www.collegelafraternite.com\/sainte-ursule\/wp-json\/wp\/v2\/pages\/128"}],"collection":[{"href":"http:\/\/www.collegelafraternite.com\/sainte-ursule\/wp-json\/wp\/v2\/pages"}],"about":[{"href":"http:\/\/www.collegelafraternite.com\/sainte-ursule\/wp-json\/wp\/v2\/types\/page"}],"author":[{"embeddable":true,"href":"http:\/\/www.collegelafraternite.com\/sainte-ursule\/wp-json\/wp\/v2\/users\/1"}],"replies":[{"embeddable":true,"href":"http:\/\/www.collegelafraternite.com\/sainte-ursule\/wp-json\/wp\/v2\/comments?post=128"}],"version-history":[{"count":4,"href":"http:\/\/www.collegelafraternite.com\/sainte-ursule\/wp-json\/wp\/v2\/pages\/128\/revisions"}],"predecessor-version":[{"id":2926,"href":"http:\/\/www.collegelafraternite.com\/sainte-ursule\/wp-json\/wp\/v2\/pages\/128\/revisions\/2926"}],"wp:attachment":[{"href":"http:\/\/www.collegelafraternite.com\/sainte-ursule\/wp-json\/wp\/v2\/media?parent=128"}],"curies":[{"name":"wp","href":"https:\/\/api.w.org\/{rel}","templated":true}]}}