{"id":17,"date":"2018-11-21T15:21:26","date_gmt":"2018-11-21T14:21:26","guid":{"rendered":"http:\/\/onmangecamp.be\/cta\/?page_id=9"},"modified":"2025-01-22T15:50:59","modified_gmt":"2025-01-22T14:50:59","slug":"accueil","status":"publish","type":"page","link":"http:\/\/www.collegelafraternite.com\/cta\/","title":{"rendered":"Accueil"},"content":{"rendered":"<p>La cr\u00e9ation d\u2019un CTA \u00ab Mini-H\u00f4pital, Pu\u00e9riculture et Services aux Personnes \u00bb a abouti \u00e0&nbsp; l\u2019am\u00e9nagement de locaux et l\u2019acquisition de mat\u00e9riel de pointe de ces secteurs, afin d\u2019apporter une&nbsp;<strong>formation adapt\u00e9e aux \u00e9tudiants, demandeurs d\u2019emploi et travailleurs, et d\u2019assurer des formations continu\u00e9es, et qualifiantes<\/strong>.<\/p>\n<p>Le CTA propose deux espaces \u00ab mini-h\u00f4pital \u00bb au rez-de-chauss\u00e9e et \u00ab pu\u00e9riculture et services aux personnes \u00bb \u00e0 l\u2019\u00e9tage. L\u2019ensemble des r\u00e9seaux de l\u2019enseignement, par le biais des pouvoirs organisateurs concern\u00e9s et des acteurs de la formation, sont partenaires du CTA \u00abMini-H\u00f4pital, Pu\u00e9riculture et Soins aux Personnes \u00bb. Le&nbsp;<strong>projet tient compte aussi des besoins de d\u00e9bouch\u00e9s&nbsp;<\/strong>(stages pour les personnes form\u00e9es et perspectives d\u2019emplois) et s\u2019est assur\u00e9 un partenariat avec le secteur priv\u00e9 (cr\u00e8ches et h\u00f4pitaux).<\/p>\n\n\n<h2><\/h2>\n\n\n\n<figure class=\"wp-block-video\"><video controls src=\"http:\/\/www.collegelafraternite.com\/cta\/wp-content\/uploads\/2019\/02\/Pre\u0301sentation-CTA.mov\"><\/video><figcaption>Vid\u00e9o de pr\u00e9sentation du CTA<\/figcaption><\/figure>\n\n\n\n<figure class=\"wp-block-image size-large\"><img loading=\"lazy\" width=\"1024\" height=\"163\" src=\"http:\/\/www.collegelafraternite.com\/cta\/wp-content\/uploads\/2025\/01\/banie\u0300re-cta-1024x163.png\" alt=\"\" class=\"wp-image-234\" srcset=\"http:\/\/www.collegelafraternite.com\/cta\/wp-content\/uploads\/2025\/01\/banie\u0300re-cta-1024x163.png 1024w, http:\/\/www.collegelafraternite.com\/cta\/wp-content\/uploads\/2025\/01\/banie\u0300re-cta-300x48.png 300w, http:\/\/www.collegelafraternite.com\/cta\/wp-content\/uploads\/2025\/01\/banie\u0300re-cta-768x122.png 768w, http:\/\/www.collegelafraternite.com\/cta\/wp-content\/uploads\/2025\/01\/banie\u0300re-cta.png 1154w\" sizes=\"(max-width: 1024px) 100vw, 1024px\" \/><\/figure>\n","protected":false},"excerpt":{"rendered":"<p>La cr\u00e9ation d\u2019un CTA \u00ab Mini-H\u00f4pital, Pu\u00e9riculture et Services aux Personnes \u00bb a abouti \u00e0&nbsp; l\u2019am\u00e9nagement de locaux et l\u2019acquisition de mat\u00e9riel de pointe de ces secteurs, afin d\u2019apporter une&nbsp;formation adapt\u00e9e aux \u00e9tudiants, demandeurs d\u2019emploi et travailleurs, et d\u2019assurer des formations continu\u00e9es, et qualifiantes. Le CTA propose deux espaces \u00ab mini-h\u00f4pital \u00bb au rez-de-chauss\u00e9e et [&hellip;]<\/p>\n","protected":false},"author":1,"featured_media":0,"parent":0,"menu_order":0,"comment_status":"closed","ping_status":"closed","template":"page-fullwidth.php","meta":{"ngg_post_thumbnail":0},"_links":{"self":[{"href":"http:\/\/www.collegelafraternite.com\/cta\/wp-json\/wp\/v2\/pages\/17"}],"collection":[{"href":"http:\/\/www.collegelafraternite.com\/cta\/wp-json\/wp\/v2\/pages"}],"about":[{"href":"http:\/\/www.collegelafraternite.com\/cta\/wp-json\/wp\/v2\/types\/page"}],"author":[{"embeddable":true,"href":"http:\/\/www.collegelafraternite.com\/cta\/wp-json\/wp\/v2\/users\/1"}],"replies":[{"embeddable":true,"href":"http:\/\/www.collegelafraternite.com\/cta\/wp-json\/wp\/v2\/comments?post=17"}],"version-history":[{"count":6,"href":"http:\/\/www.collegelafraternite.com\/cta\/wp-json\/wp\/v2\/pages\/17\/revisions"}],"predecessor-version":[{"id":236,"href":"http:\/\/www.collegelafraternite.com\/cta\/wp-json\/wp\/v2\/pages\/17\/revisions\/236"}],"wp:attachment":[{"href":"http:\/\/www.collegelafraternite.com\/cta\/wp-json\/wp\/v2\/media?parent=17"}],"curies":[{"name":"wp","href":"https:\/\/api.w.org\/{rel}","templated":true}]}}